, x - g - 146 = l*g. Let w = -19 + x. Calculate the remainder when w is divided by 27.
25
Let x(r) = -r**2 - 18*r + 14. Let h = 41 - -12. Suppose -2*c - 3*c - y = h, 0 = 3*c + y + 31. Calculate the remainder when x(c) is divided by 31.
29
Let b = 116 + -112. Suppose 0 = z - b*z + 3*y + 177, -2*z - 2*y = -138. What is the remainder when z is divided by 18?
10
Let z = -14344 + 15287. Calculate the remainder when z is divided by 93.
13
Let a(c) = -c**3 - 8*c**2 + 21*c + 9. Let p be a(-12). Suppose -13*q + p + 200 = 0. What is the remainder when 157 is divided by q?
34
Let f(h) = 18*h**2 - 147*h - 1825. What is the remainder when f(-12) is divided by 30?
11
What is the remainder when 13716 is divided by (51/68)/3*204?
48
What is the remainder when 858 is divided by (-9 + 23)/(-7)*(-129)/6?
41
Let w = 1140 - 1132. Calculate the remainder when 493 is divided by w.
5
Let n(v) = v**3 + 3*v**2 + 5*v - 10. Let q(x) = -x**3 - 2*x**2 - 6*x + 9. Let g(s) = -3*n(s) - 4*q(s). Calculate the remainder when 151 is divided by g(3).
34
Suppose -274 - 160 = 7*j. Let h = j + 118. Calculate the remainder when h is divided by 10.
6
Suppose 0*p - x + 197 = 4*p, 0 = -p - 5*x + 35. Suppose 0*l - 10 = 2*l, -4*l = -5*s + p. Calculate the remainder when 8 is divided by s.
2
Let v(j) = -j + 15. Suppose -2*n - 361 = -34*s + 29*s, 0 = -5*s + 15*n + 400. What is the remainder when s is divided by v(0)?
11
Let c(g) = -g**3 - 2*g**2 - 88*g - 265. Calculate the remainder when 430 is divided by c(-3).
6
Suppose -6*s + 3*s = 3*c - 399, s = 7. What is the remainder when 483 is divided by c?
105
Suppose -11*g = -7*g - 1304. Let y = -315 + g. What is the remainder when 76 is divided by y?
10
Suppose 9*w + 4*w = 390. Let z = -50 - w. Let l = z + 201. What is the remainder when l is divided by 25?
21
Let u be ((-31)/(-1))/((-24)/(-168)). Suppose -13 + u = 6*v. Let z(h) = -h**3 - 3*h**2 + h + 2. Calculate the remainder when v is divided by z(-4).
6
Suppose 64 = 5*o + 494. Let d = 104 + o. Suppose m - 5*v = d, 2*m - 4*v - 30 = -0*m. What is the remainder when 41 is divided by m?
2
Let j(h) = 379*h - 733. Calculate the remainder when 372 is divided by j(2).
22
Let f(c) be the second derivative of 223*c**3/6 - 5*c**2/2 + 12*c. Let n be f(-1). What is the remainder when 108 is divided by n/(-20) + (-2)/5?
9
Let s(r) = 149*r**2 - 181*r - 1096. Calculate the remainder when s(-6) is divided by 94.
90
What is the remainder when 2507 - (-17 + (10 - -4)) is divided by 9?
8
Suppose 0 = 5*r + 8 - 13, 2*a - 4*r + 12 = 0. Let y(n) = -n**2 - 6*n - 1. Calculate the remainder when (-268)/(-14) - 6/42 is divided by y(a).
5
Let r = -102 - -85. Let q = -12 - r. Suppose 4*x - q = -x, 4*p - x = 159. Calculate the remainder when p is divided by 16.
8
Suppose 110*q = 138*q - 19460. Calculate the remainder when q is divided by 39.
32
Let y be 11 + ((-6)/(-2) - 8). Let c(a) = 4*a**2 - 15*a + 2. Calculate the remainder when 213 is divided by c(y).
45
Suppose 0 = 5*j + 5*v + 17 + 3, 0 = -3*j + 3*v + 6. What is the remainder when 247 is divided by (-180)/(j - 8) + 5?
22
What is the remainder when (-2611812)/(-310) - (2/50)/((-21)/(-105)) is divided by 159?
157
What is the remainder when 2279 is divided by (-1 + 2 - 0)*(-4680)/(-39)?
119
Suppose 156 + 64 = -5*m. Let c = -26 - m. Calculate the remainder when 285 is divided by c.
15
Let d = -7521 + 7560. Calculate the remainder when 412 is divided by d.
22
Suppose -674 = -33*a + 547. What is the remainder when a is divided by 21?
16
Let v(w) = -2239 - w**3 - 14*w**2 + 0*w + 7*w + 2234. What is the remainder when v(-15) is divided by 58?
57
Suppose 84 = -5*z + 9*z. Let m = 35 + z. Let u = m - 7. Calculate the remainder when 195 is divided by u.
48
Suppose -11*o + 3*x = -16*o + 32, 3*o - 4*x = 54. What is the remainder when 3298 is divided by o?
8
Suppose 5*d - 4*l - 116 = 4*d, 387 = 3*d + l. What is the remainder when d is divided by 231/(-22)*20/(-6)?
23
Let x = 395 - 188. Let q = x + -164. Calculate the remainder when q is divided by 15.
13
Suppose 4*v - 14*v = -5590. Let b = -402 + v. What is the remainder when b is divided by 18?
13
What is the remainder when 1743/(-249)*-1*11 is divided by 77?
0
Let r(o) = 2*o**3 - 14*o**2 + 821 - 1668 + 834 - 21*o. Calculate the remainder when r(9) is divided by 35.
17
Let p(c) = 26*c - 102. Let x(y) = 5*y**3 - y**2 + y + 2. Let t be x(2). Calculate the remainder when p(t) is divided by 10.
8
Let f(d) = d**2 - 7*d - 944. Let b = 15 + 37. Calculate the remainder when f(-29) is divided by b.
48
Suppose 0*w + 5*w = 790. Suppose 0 = 6*g - 5*g. Let o(p) = -3*p**2 + 4*p + 40. What is the remainder when w is divided by o(g)?
38
What is the remainder when -252 + 238 + 2824/2 is divided by 20?
18
Suppose -22*s - 280 - 490 = 0. Let w = -5 - 38. Let z = s - w. Calculate the remainder when z is divided by 7.
1
Let a = -645 + 2116. Let n = a + -1368. What is the remainder when n is divided by -18*1/(4/(-6))?
22
Let c(v) = -v**2 + 10*v - 8. Let n be 184/6*(-66)/(-44). Suppose -15 = n*i - 49*i. Calculate the remainder when c(7) is divided by i.
3
Let m be -3 + (6/(-5))/((-81)/540). What is the remainder when 207 is divided by 19 - (4 - -21)/m?
11
Let s = -348 - -378. What is the remainder when s is divided by (8*3/60)/((-1)/(-50))?
10
Suppose r + 194 - 191 = 0, o = r + 7. Calculate the remainder when 1549 is divided by o.
1
Let l = -16147 - -16218. What is the remainder when l is divided by 44?
27
Suppose -4*x - 5*k = -32, -4*x + 6*k + 4 = 4*k. Let p(j) = 8*j**2 - j - 5. What is the remainder when p(x) is divided by 22?
20
Let h be ((-120)/(-9))/((-8)/(-12)). Suppose 10*d - 5*d = h. Suppose d*l = 2*l + 22. What is the remainder when 29 is divided by l?
7
Let i = -580 - -708. Suppose u + i = 2*o, -9*u = -6*u. Calculate the remainder when o is divided by 18.
10
Let g(c) = 6*c - 58. Let r be g(8). Let u = 8 - 6. Calculate the remainder when 27 is divided by r/(-2)*(-1 + u).
2
Let k = -47 - -153. Suppose -5*j + 296 - k = 0. Calculate the remainder when j is divided by (2/4)/(155/4650).
8
Let w(d) = -41*d**2 - 3*d + 22. Let v(k) = -122*k**2 - 9*k + 66. Let i(c) = -3*v(c) + 8*w(c). What is the remainder when i(5) is divided by 15?
13
Let q(j) = j**3 - 21*j + 14. Let r be 45/(-18)*(-12)/5. What is the remainder when q(r) is divided by (-2)/((-4)/(-10))*-3?
14
Let l be (-6)/51 + 7824/34. Suppose 0 = -3*k - 7*k + l. Calculate the remainder when k is divided by 8.
7
Suppose 2*s = -h + 22, -134*h + 137*h + 4*s - 62 = 0. Suppose 2*y + 10 = 258. Calculate the remainder when y is divided by h.
16
Let w be ((-3)/(-6))/((-7)/(-3374)). Suppose -21 = 10*i - w. Suppose 2*b - 431 = -4*v + 5*b, -4*b + 317 = 3*v. Calculate the remainder when v is divided by i.
19
Let x be 591/12 - (-3 + (-39)/(-12)). Suppose 5*m + 0*h - 49 = -h, -4*h - 11 = -3*m. What is the remainder when (x - 14)*m/5 is divided by 22?
19
Let r = 25 + -10. Calculate the remainder when ((-30)/(-75))/((-4)/(-360)) is divided by r.
6
Suppose -5*l + c + 413 = -357, 25 = 5*c. Suppose 9*h = l - 38. Suppose -21 = -0*w - w. What is the remainder when w is divided by h?
8
Let z = -2722 - -3719. Calculate the remainder when z is divided by 25.
22
Let f(t) = -2*t**3 - 12*t**2 - 11*t - 7. Let p be f(-5). What is the remainder when 112 is divided by 2980/140 - p/(-7)?
7
Let w(n) = -7*n - 184. Let b be w(-14). Let h = 126 + b. Calculate the remainder when 71 is divided by h.
31
What is the remainder when (288640/66)/16 + -2 + (-16)/(-6) is divided by 40?
34
What is the remainder when (-459)/2*(-5 + (-78)/(-18)) is divided by 31?
29
Suppose 3*w = -f + 4, 29*f = -5*w + 24*f + 10. What is the remainder when (-3)/w + -15 + 13 + 8 is divided by 3?
0
Let v be (4/16*-57)/((-1)/(-20)). Let b = 297 + v. What is the remainder when 419 is divided by b?
11
Suppose -32*t + 28*t + r = -901, 0 = -t + 5*r + 192. What is the remainder when t is divided by 112?
3
Let b = -7353 + 7587. What is the remainder when b is divided by 144?
90
Let j = -49 + 24. Let z be 60/j + 6/15. Calculate the remainder when 78*(z - 0 - -3) is divided by 27.
24
Let h(g) = g**3 - 6*g**2 + 5*g - 8. Suppose 0 = -0*o + 3*o - 5*l - 38, 4*l = -2*o - 4. Let y = 146 + -104. What is the remainder when y is divided by h(o)?
20
Let j(o) = 3*o**2 - 5*o + 10. L